3779003
List the prime factors of 709773.
3, 103, 2297
List the prime factors of 520975.
5, 7, 13, 229
What are the prime factors of 915792?
2, 3, 19079
List the prime factors of 1741717.
271, 6427
What are the prime factors of 1385436?
2, 3, 13, 83, 107
What are the prime factors of 179064?
2, 3, 829
What are the prime factors of 276701?
89, 3109
What are the prime factors of 1268447?
1268447
List the prime factors of 6653446.
2, 83, 149, 269
What are the prime factors of 7898462?
2, 11, 13, 27617
List the prime factors of 44919.
3, 7, 23, 31
What are the prime factors of 1874645?
5, 374929
What are the prime factors of 2519986?
2, 7, 179999
List the prime factors of 1028946.
2, 3, 171491
List the prime factors of 688901.
73, 9437
List the prime factors of 3915524.
2, 199, 4919
List the prime factors of 1334232.
2, 3, 29, 71
What are the prime factors of 2133062?
2, 1066531
What are the prime factors of 6828884?
2, 23, 199, 373
What are the prime factors of 73176?
2, 3, 3049
What are the prime factors of 74770?
2, 5, 7477
List the prime factors of 1207022.
2, 53, 59, 193
What are the prime factors of 489524?
2, 7, 17483
What are the prime factors of 17241374?
2, 8620687
What are the prime factors of 2296931?
7, 13, 43, 587
What are the prime factors of 21529410?
2, 3, 5, 7, 157, 653
What are the prime factors of 12006502?
2, 6003251
List the prime factors of 206245.
5, 13, 19, 167
List the prime factors of 584883.
3, 13, 4999
List the prime factors of 1161573.
3, 7, 55313
What are the prime factors of 689643?
3, 19, 37, 109
List the prime factors of 177059.
59, 3001
List the prime factors of 198138.
2, 3, 33023
List the prime factors of 4570989.
3, 1523663
What are the prime factors of 1369226?
2, 359, 1907
List the prime factors of 935753.
7, 13, 113
What are the prime factors of 517175?
5, 137, 151
List the prime factors of 288769.
13, 97, 229
List the prime factors of 1364834.
2, 682417
List the prime factors of 1209566.
2, 53, 11411
What are the prime factors of 196487?
349, 563
List the prime factors of 267483.
3, 163, 547
List the prime factors of 2210398.
2, 373, 2963
List the prime factors of 945400.
2, 5, 29, 163
What are the prime factors of 232167?
3, 13, 5953
List the prime factors of 385761.
3, 149, 863
List the prime factors of 1113011.
1113011
List the prime factors of 251229.
3, 11, 23, 331
List the prime factors of 5967821.
787, 7583
List the prime factors of 3053433.
3, 19, 53569
What are the prime factors of 624221?
13, 48017
What are the prime factors of 7277943?
3, 2425981
List the prime factors of 4528336.
2, 73, 3877
List the prime factors of 688730.
2, 5, 7, 9839
List the prime factors of 59996.
2, 53, 283
List the prime factors of 394622.
2, 197311
List the prime factors of 291887.
291887
List the prime factors of 417202.
2, 19, 10979
List the prime factors of 66200.
2, 5, 331
List the prime factors of 55289.
13, 4253
List the prime factors of 8767795.
5, 1753559
What are the prime factors of 3581921?
7, 511703
What are the prime factors of 6218817?
3, 11, 31, 6079
What are the prime factors of 12805422?
2, 3, 7, 509, 599
List the prime factors of 204796.
2, 51199
List the prime factors of 243315.
3, 5, 5407
What are the prime factors of 2128270?
2, 5, 212827
List the prime factors of 4159887.
3, 101, 13729
What are the prime factors of 484109?
17, 28477
List the prime factors of 15394700.
2, 5, 153947
What are the prime factors of 13213199?
17, 777247
List the prime factors of 18249209.
11, 157, 10567
What are the prime factors of 8534951?
31, 275321
List the prime factors of 1747564.
2, 7, 13, 4801
What are the prime factors of 4007434?
2, 563, 3559
What are the prime factors of 305467?
251, 1217
What are the prime factors of 9595402?
2, 4797701
List the prime factors of 285411.
3, 7, 13591
What are the prime factors of 459562?
2, 229781
What are the prime factors of 3506729?
113, 31033
What are the prime factors of 5956399?
5956399
List the prime factors of 2474237.
19, 130223
What are the prime factors of 501387?
3, 37, 4517
What are the prime factors of 561333?
3, 187111
What are the prime factors of 76215?
3, 5, 5081
What are the prime factors of 713422?
2, 17, 20983
List the prime factors of 5698458.
2, 3, 105527
List the prime factors of 2033200.
2, 5, 13, 17, 23
What are the prime factors of 250989?
3, 83663
What are the prime factors of 1278561?
3, 67, 6361
List the prime factors of 713415.
3, 5, 199, 239
What are the prime factors of 4827149?
67, 72047
List the prime factors of 29220.
2, 3, 5, 487
List the prime factors of 33904075.
5, 19, 137, 521
What are the prime factors of 10100922?
2, 3, 13, 129499
What are the prime factors of 10007878?
2, 79, 97, 653
What are the prime factors of 315295?
5, 63059
What are the prime factors of 68940?
2, 3, 5, 383
What are the prime factors of 2711823?
3, 17, 53173
What are the prime factors of 1091317?
271, 4027
What are the prime factors of 6605633?
41, 367, 439
What are the prime factors of 310281?
3, 59, 1753
List the prime factors of 2553541.
2553541
What are the prime factors of 5410505?
5, 17, 53, 1201
List the prime factors of 1089054.
2, 3, 17, 3559
What are the prime factors of 461332?
2, 29, 41, 97
What are the prime factors of 112936?
2, 19, 743
List the prime factors of 605717.
7, 86531
What are the prime factors of 3107242?
2, 439, 3539
List the prime factors of 344821.
344821
What are the prime factors of 2372807?
2372807
List the prime factors of 4403442.
2, 3, 17, 23, 1877
What are the prime factors of 16084226?
2, 31, 59, 4397
What are the prime factors of 712480?
2, 5, 61, 73
List the prime factors of 4383691.
13, 25939
What are the prime factors of 11826437?
7, 239, 7069
List the prime factors of 38522.
2, 11, 17, 103
What are the prime factors of 512070?
2, 3, 5, 13, 101
What are the prime factors of 155481?
3, 51827
What are the prime factors of 1883237?
1883237
List the prime factors of 3159640.
2, 5, 11, 43, 167
List the prime factors of 287043.
3, 163, 587
What are the prime factors of 446005?
5, 7, 12743
What are the prime factors of 313772?
2, 47, 1669
List the prime factors of 499246.
2, 11, 2063
List the prime factors of 2413206.
2, 3, 23, 29, 67
What are the prime factors of 224069?
224069
List the prime factors of 1202290.
2, 5, 251, 479
What are the prime factors of 653829?
3, 11, 19813
List the prime factors of 278862.
2, 3, 46477
List the prime factors of 3337227.
3, 123601
List the prime factors of 91534.
2, 45767
What are the prime factors of 1740293?
1740293
List the prime factors of 1067682.
2, 3, 7, 11, 2311
List the prime factors of 15609502.
2, 17, 23, 19961
List the prime factors of 3823754.
2, 11, 173807
List the prime factors of 202857.
3, 67619
What are the prime factors of 2122593?
3, 11, 131, 491
What are the prime factors of 684751?
684751
What are the prime factors of 265286?
2, 7, 2707
What are the prime factors of 5313685?
5, 13, 81749
List the prime factors of 203412.
2, 3, 11, 23, 67
What are the prime factors of 4582723?
4582723
What are the prime factors of 351819?
3, 13, 31, 97
What are the prime factors of 488268?
2, 3, 11, 137
What are the prime factors of 20523887?
20523887
What are the prime factors of 6951211?
2383, 2917
What are the prime factors of 5499968?
2, 19, 4523
List the prime factors of 2942528.
2, 23, 1999
List the prime factors of 982125.
3, 5, 97
List the prime factors of 804469.
67, 12007
What are the prime factors of 520297?
520297
List the prime factors of 2183723.
2183723
What are the prime factors of 6678406?
2, 7, 68147
What are the prime factors of 23063613?
3, 29, 179, 1481
What are the prime factors of 14263672?
2, 1782959
What are the prime factors of 154458?
2, 3, 8581
What are the prime factors of 3093996?
2, 3, 89, 2897
List the prime factors of 398331.
3, 14753
List the prime factors of 70637.
7, 10091
What are the prime factors of 245862?
2, 3, 29, 157
What are the prime factors of 1102462?
2, 551231
What are the prime factors of 435483?
3, 127
What are the prime factors of 549588?
2, 3, 13, 271
List the prime factors of 9045532.
2, 23, 98321
What are the prime factors of 1393771?
1393771
What are the prime factors of 556987?
556987
What are the prime factors of 1916364?
2, 3